2*c**3 - 3*c**2 - c. Calculate l(-3).
30
Let j(x) = x**2 + 15*x + 18. Give j(-12).
-18
Let r(k) = -k**3 + 33*k**2 + 73*k - 108. Give r(35).
-3
Let v(r) = -r**3 - 2*r**2 + 2*r + 4. Determine v(-4).
28
Let m(y) = -y**2 + 7*y - 4. Give m(5).
6
Let v(j) = -12*j - 131. Calculate v(-10).
-11
Let w(p) = -12*p + 87. Give w(8).
-9
Let b(h) = 6*h**2 - 9*h + 16. Calculate b(3).
43
Let g(q) = q**2 - 5*q - 5. What is g(6)?
1
Let h(d) = -d**3 - 7*d**2 - 2*d + 6. What is h(-5)?
-34
Let n(f) = f**3 + 17*f**2 + 22*f - 1. Determine n(-15).
119
Let c(z) = z**3 - 6*z**2 - 23*z + 24. What is c(9)?
60
Let o(w) = -w**2 - 12*w - 7. What is o(-11)?
4
Let x(f) = 2*f**3 - 3*f**2 + 4*f - 3. What is x(2)?
9
Let p(d) = 2*d**2 + 2*d + 1. Determine p(0).
1
Let a(i) = -i**2 - 22*i + 560. What is a(15)?
5
Let h(x) = x**2 + 3*x - 12. Give h(0).
-12
Let a(i) = 2*i + 13. Calculate a(-10).
-7
Let a(c) = c**2 - 33*c + 240. Determine a(22).
-2
Let d(x) = 3*x**2 - x + 3. Give d(2).
13
Let f(p) = -p**3 + 4*p**2 + 7*p - 6. What is f(5)?
4
Let t(k) = -13*k + 148. Determine t(11).
5
Let b(n) = n**3 + 22*n**2 - 23*n. Give b(-23).
0
Let s(p) = 9*p**2 - 8*p - 9. Calculate s(-1).
8
Let r(k) = -5*k + 47. Give r(11).
-8
Let t(g) = -25*g**2 + g + 4. Give t(2).
-94
Let n(l) = -42*l. Give n(3).
-126
Let c(i) = 3*i**2 + 4*i + 9. Determine c(-4).
41
Let a(m) = 5*m**2 - m - 9. Give a(-3).
39
Let t(b) = -b**2 - 10*b + 2. Give t(-10).
2
Let q(x) = -x - 66. Calculate q(-26).
-40
Let y(t) = t**3 - 9*t**2 + 10*t + 12. Determine y(8).
28
Let s(u) = 2*u**2 + 21*u + 12. Determine s(-10).
2
Let y(t) = -5*t + 13. Calculate y(11).
-42
Let r(i) = -i - 21. Give r(-3).
-18
Let n(w) = 5*w + 10. Determine n(-2).
0
Let v(s) = 2*s**3 - 6*s**2 + 2*s - 7. What is v(3)?
-1
Let q(b) = -7*b**2 + 27*b - 6. Give q(5).
-46
Let u(c) = -25*c + 56. Calculate u(3).
-19
Let m(b) = -6*b - 163. Give m(-35).
47
Let y(v) = -17*v - 257. Give y(-16).
15
Let u(j) = j**2 + 5*j - 94. Calculate u(-12).
-10
Let h(d) = d**3 - 8*d**2 + 3*d - 16. Determine h(8).
8
Let t(b) = -2*b - 8. Calculate t(-3).
-2
Let d(u) = u**3 + 30*u**2 + 34*u + 150. Give d(-29).
5
Let m(s) = 3*s + 4. What is m(-4)?
-8
Let y(x) = -7*x - 1. Determine y(-2).
13
Let w(h) = h**2 + 5*h - 19. Determine w(-5).
-19
Let n(x) = x**3 - 4*x**2 - 10*x + 19. Give n(5).
-6
Let d(b) = -14*b**3 - b**2 + b - 1. What is d(1)?
-15
Let b(z) = -5*z**3 + z**2 + 22*z + 23. Calculate b(-1).
7
Let r(b) = -b**3 + 2*b**2 - 3*b - 5. Calculate r(-2).
17
Let b(p) = -3*p - 29. Give b(-10).
1
Let h(b) = b**2 + 9*b + 19. Determine h(-7).
5
Let c(q) = q**2 - 5*q - 11. What is c(6)?
-5
Let c(q) = -11*q - 1. Calculate c(1).
-12
Let n(i) = 3*i + 1. Determine n(4).
13
Let g(d) = 2*d**3 + 21*d**2 - 8*d + 32. What is g(-11)?
-1
Let z(v) = -v**3 + 4*v**2 + 3*v - 5. What is z(4)?
7
Let u(q) = q**2 - 13*q + 18. Calculate u(12).
6
Let y(u) = -u**2 + 61*u - 384. Calculate y(54).
-6
Let c(d) = 6*d**3 + d + 2. Calculate c(-2).
-48
Let i(d) = 12*d + 32. Give i(-9).
-76
Let g(x) = -x - 1. What is g(1)?
-2
Let w(t) = t**2 + 7*t + 6. Calculate w(-4).
-6
Let g(f) = -3*f - 1. Determine g(-13).
38
Let q(f) = -f**2 + 8*f - 5. Calculate q(9).
-14
Let c(k) = 2*k + 22. Give c(-10).
2
Let q(c) = c**3 + 12*c**2 + 3*c + 27. What is q(-12)?
-9
Let x(z) = z**2 - 5*z - 7. Give x(3).
-13
Let f(n) = -n**3 - 7*n**2 + 19*n + 5. Give f(-9).
-4
Let m(d) = d**3 + 27*d**2 + 26*d - 2. Calculate m(-26).
-2
Let z(a) = a - 9. Calculate z(0).
-9
Let w(r) = -2*r**2 + 20*r + 10. Calculate w(11).
-12
Let d(s) = s**2 - 21*s + 32. Give d(21).
32
Let o(a) = a**3 + 17*a**2 - 21*a - 16. Calculate o(-18).
38
Let l(x) = 6*x - 14. Determine l(-6).
-50
Let r(w) = -17*w**2 - 32*w. Calculate r(-2).
-4
Let l(b) = -40*b - 401. Determine l(-10).
-1
Let m(x) = x**2 - 4*x - 26. Calculate m(-12).
166
Let c(x) = x + 8. Give c(-7).
1
Let w(n) = -3*n**2 + 31*n + 16. What is w(10)?
26
Let j(x) = -x**2 - x + 3. Determine j(4).
-17
Let r(w) = 8*w**2 - w - 1. Give r(-1).
8
Let r(d) = d**2 + 12*d + 28. What is r(-8)?
-4
Let w(t) = 6*t. Determine w(0).
0
Let s(c) = -c**2 + 22*c + 71. Calculate s(24).
23
Let q(u) = 9*u + 51. Calculate q(-6).
-3
Let f(i) = -3*i**3 + i**2 - 7*i + 7. Calculate f(1).
-2
Let o(n) = 2*n**2 + 15*n - 52. Determine o(-10).
-2
Let c(b) = b**3 + b**2 - b - 6. Calculate c(-2).
-8
Let h(r) = -3*r**2 - 3*r - 3. Give h(-2).
-9
Let x(f) = f**3 + 24*f**2 + 44*f - 9. What is x(-22)?
-9
Let u(v) = -90*v**2 + v - 2. Determine u(1).
-91
Let h(g) = -4*g**3 - g**2 + g - 2. Give h(1).
-6
Let y(n) = n - 14. What is y(9)?
-5
Let w(f) = f**2 - 5*f - 43. Determine w(10).
7
Let n(q) = 33*q + 393. Calculate n(-12).
-3
Let y(z) = 6*z + 61. What is y(-13)?
-17
Let i(t) = -t**2 - 19*t - 41. Give i(-17).
-7
Let n(f) = f**3 + 2*f**2 - 5*f + 3. Calculate n(-4).
-9
Let d(u) = -u**2 + 2*u + 33. Determine d(7).
-2
Let u(d) = -2*d**2 - 35*d + 20. Give u(-18).
2
Let l(t) = 2*t**3 + 2*t**2 + 3. Give l(2).
27
Let s(w) = -w**2 - 14*w + 23. Calculate s(-16).
-9
Let m(u) = -2*u**3 + 4*u**2 - 2*u - 2. Calculate m(2).
-6
Let p(c) = 3*c**3 - 18*c**2 + c - 12. What is p(6)?
-6
Let s(d) = d**3 - d**2 + 2*d + 25. Determine s(0).
25
Let m(b) = -b**2 - 9*b - 8. Give m(-8).
0
Let l(m) = -m**2 - m - 33. Calculate l(0).
-33
Let m(k) = k**3 - 2*k**2 - 3*k + 4. Calculate m(3).
4
Let j(w) = -11*w**2 + 119*w + 13. What is j(11)?
-9
Let i(g) = -g**3 + 4*g**2 - 2*g - 1. Determine i(3).
2
Let q(i) = i**3 - 14*i**2 + 13*i - 3. Calculate q(13).
-3
Let r(v) = 61*v**3 + v**2 - 2. Calculate r(1).
60
Let q(k) = 2*k**2 + 5*k - 10. Determine q(7).
123
Let k(r) = -2*r**2 + 2*r + 3. Calculate k(0).
3
Let o(j) = j**3 - 22*j**2 - 24*j + 30. What is o(23)?
7
Let u(o) = -o**3 - 11*o**2 + 13*o + 14. Determine u(-12).
2
Let a(q) = 3*q**2 - 6*q - 1. Calculate a(3).
8
Let k(o) = o**2 - o. Determine k(4).
12
Let n(c) = c**2 + 3*c - 5. Determine n(-4).
-1
Let t(n) = 10*n**2 - 3. What is t(0)?
-3
Let w(y) = -y**3 + 5*y**2 + 18*y - 9. Calculate w(6).
63
Let q(g) = -g**2 - 14*g + 8. Determine q(-12).
32
Let u(c) = -c**2 + 7*c - 5. Calculate u(5).
5
Let x(t) = t**3 - 14*t**2 + 3*t - 7. What is x(14)?
35
Let a(x) = 16*x - 98. Determine a(6).
-2
Let a(g) = 2*g**2 - g - 32. Calculate a(4).
-4
Let x(w) = -w**3 + 8*w**2 - 2*w - 12. Calculate x(6).
48
Let f(h) = -h**3 + 8*h**2 - 14*h - 8. Calculate f(7).
-57
Let d(i) = i**3 - i**2 - 2*i + 4. Determine d(2).
4
Let g(b) = -8*b - 2. Give g(-6).
46
Let s(j) = -j**2 + 6*j - 2. What is s(5)?
3
Let l(h) = -3*h + 13. Calculate l(15).
-32
Let n(j) = j**3 - j**2 + 2*j + 6. What is n(-2)?
-10
Let v(h) = -3*h - 47. Calculate v(-14).
-5
Let v(i) = 7*i**3 - i**2 + 3*i - 1. Give v(-2).
-67
Let z(f) = -5*f + 65. Calculate z(0).
65
Let l(k) = 171*k - 1027. Give l(6).
-1
Let w(j) = 27*j + 28. Determine w(-3).
-53
Let v(f) = 8*f - 89. What is v(15)?
31
Let h(d) = d**3 - 11*d**2 - d + 14. What is h(11)?
3
Let h(o) = -o**2 - 7*o + 2. Determine h(-8).
-6
Let g(f) = f**2 + 4*f + 24. What is g(-6)?
36
Let a(g) = -g**2 - 10*g - 11. What is a(-8)?
5
Let x(f) = -11*f**3 - 2*f + 1. Give x(1).
-12
Let h(y) = y - 22. Determine h(9).
-13
Let u(s) = s**3 - 7*s**2 - s + 6. Determine u(0).
6
Let c(k) = 5*k**3 - 3*k**2 + 2*k - 2. Calculate c(2).
30
Let y(i) = -40*i - 965. What is y(-24)?
-5
Let p(r) = -r**2 - 29*r - 170. Determine p(-10).
20
Let p(m) = 3*m**2 + 44*m + 1. Calculate p(-15).
16
Let c(f) = -f**3 - 6*f**2 - 31*f - 91. Calculate c(-4).
1
Let r(s) = s**3 - s**2 - 5*s + 1. Determine r(-4).
-59
Let f(p) = p - 24. Give f(24).
0
Let f(d) = -4*d**2 - 13*d - 11. Calculate f(-5).
-46
Let u(j) = 4*j - 41. Calculate u(9).
-5
Let p(z) = -z**2 + 3*z - 8. Give p(-6).
-62
Let l(p) = 5*p**2 + 9*p + 19. Calculate l(-3).
37
Let r(n) = -35*n + 240. What is r(7)?
-5
Let p(q) = -7*q**2 + 6. Determine p(2).
-22
Let h(y) = -3*y**2 - 6*y - 9. Give h(-2).
-9
Let b(v) = -v - 10. What is b(0)?
-10
Let w(g) = 6*g**3 - g**2 - 3*g - 5. Calculate w(-2).
-51
Let w(x) = x**2 + 51*x + 312. What is w(-7)?
4
Let a(c) = -c**3 + 4*c**2 + c + 8. What is a(4)?
12
Let f(s) = 19*s + 688. Give f(-36).
4
Let m(z) = 2*z**3 - 16*z**2 - 2*z + 15. What is m(8)?
-1
Let q(k) = k**2 + 6*k - 12. Calculate q(-9).
15
Let y(a) = -a**3 - 22*a**2 + a + 23. Calculate y(-22).
1
Let m(r) = -r**2 + 10*r + 74. Determine m(15).
-1
Let m(y) = 14*y + 540. Give m(